{"id":59,"date":"2020-12-21T23:34:49","date_gmt":"2020-12-21T22:34:49","guid":{"rendered":"http:\/\/laurencerenaud.com\/?page_id=59"},"modified":"2024-08-06T09:38:41","modified_gmt":"2024-08-06T07:38:41","slug":"hypnose","status":"publish","type":"page","link":"https:\/\/laurencerenaud.com\/?page_id=59","title":{"rendered":"Hypnoth\u00e9rapie"},"content":{"rendered":"\n<div class=\"wp-block-cover is-light\" style=\"min-height:307px;aspect-ratio:unset;\"><span aria-hidden=\"true\" class=\"wp-block-cover__background has-background-dim\"><\/span><img fetchpriority=\"high\" decoding=\"async\" width=\"838\" height=\"595\" class=\"wp-block-cover__image-background wp-image-166\" alt=\"\" src=\"https:\/\/laurencerenaud.com\/wp-content\/uploads\/2021\/01\/838_gettyimages-50532904-1.jpg\" style=\"object-position:54% 62%\" data-object-fit=\"cover\" data-object-position=\"54% 62%\" srcset=\"https:\/\/laurencerenaud.com\/wp-content\/uploads\/2021\/01\/838_gettyimages-50532904-1.jpg 838w, https:\/\/laurencerenaud.com\/wp-content\/uploads\/2021\/01\/838_gettyimages-50532904-1-300x213.jpg 300w, https:\/\/laurencerenaud.com\/wp-content\/uploads\/2021\/01\/838_gettyimages-50532904-1-768x545.jpg 768w\" sizes=\"(max-width: 706px) 89vw, (max-width: 767px) 82vw, 740px\" \/><div class=\"wp-block-cover__inner-container is-layout-flow wp-block-cover-is-layout-flow\">\n<p class=\"has-text-align-center has-large-font-size\">L&rsquo;hypnose, une histoire \u00e0 dormir debout &#8230; <\/p>\n<\/div><\/div>\n\n\n\n<p class=\"has-black-color has-white-background-color has-text-color has-background\"><strong>L&rsquo;hypnose est un \u00e9tat que nous connaissons tous<\/strong>. <br>Nous l&rsquo;exp\u00e9rimentons tous chaque jour, dans les moments de concentration intense, dans les moments o\u00f9 notre esprit s&rsquo;\u00e9vade ou juste avant de s&rsquo;endormir. Cet \u00e9tat, entre la veille et le sommeil, est le m\u00eame que celui dans lequel vous \u00eates lorsque vous regardez un paysage d\u00e9filer \u00e0 travers les vitres d&rsquo;un train ou lorsque vous vous laissez absorber par l&rsquo;\u00e9coute d&rsquo;une musique. <br><br>Cet \u00e9tat de conscience modifi\u00e9e a cela de particulier qu&rsquo;il entrouvre la porte s\u00e9parant l&rsquo;inconscient de la partie consciente. Il est alors possible d&rsquo;explorer cet inconscient et d&rsquo;agir dans un but th\u00e9rapeutique \u00e0 un autre niveau. Les changements sont ainsi plus doux mais aussi plus rapides et plus durables. Une transformation en profondeur s&rsquo;op\u00e8re. <br><br>L&rsquo;hypnose permet d&rsquo;agir sur tout un panel de probl\u00e9matiques comme :<br>&#8211; les peurs et phobies ; <br>&#8211; le stress, l&rsquo;anxi\u00e9t\u00e9 et l&rsquo;angoisse ; <br>&#8211; le poids et le rapport \u00e0 son corps, \u00e0 la nourriture, \u00e0 sa sant\u00e9 ; <br>&#8211; le tabac ; <br>&#8211; les performances qu&rsquo;elles soient sportives, intellectuelles ou artistiques ;<br>&#8211; les douleurs ponctuelles ou chroniques comme les migraines ; <br>&#8211; les insomnies ; <br>&#8211; les traumatismes et les effets post-traumatiques ; <br>&#8211; la confiance et l&rsquo;estime de soi ; <br>&#8211; les blocages et croyances limitantes ; <br>&#8211; la sexualit\u00e9 ; <br>&#8211; les allergies&#8230;<\/p>\n\n\n\n<figure class=\"wp-block-gallery has-nested-images columns-8 is-cropped wp-block-gallery-1 is-layout-flex wp-block-gallery-is-layout-flex\">\n<figure class=\"wp-block-image size-large\"><img decoding=\"async\" width=\"246\" height=\"205\" data-id=\"210\" src=\"https:\/\/laurencerenaud.com\/wp-content\/uploads\/2021\/01\/images.jpg\" alt=\"\" class=\"wp-image-210\"\/><\/figure>\n\n\n\n<figure class=\"wp-block-image size-large\"><img decoding=\"async\" width=\"259\" height=\"194\" data-id=\"213\" src=\"https:\/\/laurencerenaud.com\/wp-content\/uploads\/2021\/01\/telechargement-3.jpg\" alt=\"\" class=\"wp-image-213\"\/><\/figure>\n\n\n\n<figure class=\"wp-block-image size-large\"><img loading=\"lazy\" decoding=\"async\" width=\"225\" height=\"225\" data-id=\"215\" src=\"https:\/\/laurencerenaud.com\/wp-content\/uploads\/2021\/01\/telechargement-8.jpg\" alt=\"\" class=\"wp-image-215\" srcset=\"https:\/\/laurencerenaud.com\/wp-content\/uploads\/2021\/01\/telechargement-8.jpg 225w, https:\/\/laurencerenaud.com\/wp-content\/uploads\/2021\/01\/telechargement-8-150x150.jpg 150w\" sizes=\"(max-width: 225px) 100vw, 225px\" \/><\/figure>\n\n\n\n<figure class=\"wp-block-image size-large\"><img loading=\"lazy\" decoding=\"async\" width=\"211\" height=\"209\" data-id=\"214\" src=\"https:\/\/laurencerenaud.com\/wp-content\/uploads\/2021\/01\/hypnose-enfant-marseille.png\" alt=\"\" class=\"wp-image-214\" srcset=\"https:\/\/laurencerenaud.com\/wp-content\/uploads\/2021\/01\/hypnose-enfant-marseille.png 211w, https:\/\/laurencerenaud.com\/wp-content\/uploads\/2021\/01\/hypnose-enfant-marseille-150x150.png 150w\" sizes=\"(max-width: 211px) 100vw, 211px\" \/><\/figure>\n\n\n\n<figure class=\"wp-block-image size-large\"><img loading=\"lazy\" decoding=\"async\" width=\"300\" height=\"168\" data-id=\"237\" src=\"https:\/\/laurencerenaud.com\/wp-content\/uploads\/2021\/01\/images-2.jpg\" alt=\"\" class=\"wp-image-237\"\/><\/figure>\n\n\n\n<figure class=\"wp-block-image size-large\"><img loading=\"lazy\" decoding=\"async\" width=\"318\" height=\"159\" data-id=\"569\" src=\"https:\/\/laurencerenaud.com\/wp-content\/uploads\/2021\/02\/telechargement-5.jpg\" alt=\"\" class=\"wp-image-569\" srcset=\"https:\/\/laurencerenaud.com\/wp-content\/uploads\/2021\/02\/telechargement-5.jpg 318w, https:\/\/laurencerenaud.com\/wp-content\/uploads\/2021\/02\/telechargement-5-300x150.jpg 300w\" sizes=\"(max-width: 318px) 100vw, 318px\" \/><\/figure>\n\n\n\n<figure class=\"wp-block-image size-large\"><img loading=\"lazy\" decoding=\"async\" width=\"246\" height=\"205\" data-id=\"211\" src=\"https:\/\/laurencerenaud.com\/wp-content\/uploads\/2021\/01\/images-1.jpg\" alt=\"\" class=\"wp-image-211\"\/><\/figure>\n\n\n\n<figure class=\"wp-block-image size-large\"><img loading=\"lazy\" decoding=\"async\" width=\"275\" height=\"183\" data-id=\"570\" src=\"https:\/\/laurencerenaud.com\/wp-content\/uploads\/2021\/02\/telechargement.jpg\" alt=\"\" class=\"wp-image-570\"\/><\/figure>\n<\/figure>\n","protected":false},"excerpt":{"rendered":"<p>L&rsquo;hypnose est un \u00e9tat que nous connaissons tous. Nous l&rsquo;exp\u00e9rimentons tous chaque jour, dans les moments de concentration intense, dans les moments o\u00f9 notre esprit s&rsquo;\u00e9vade ou juste avant de s&rsquo;endormir. Cet \u00e9tat, entre la veille et le sommeil, est le m\u00eame que celui dans lequel vous \u00eates lorsque vous regardez un paysage d\u00e9filer \u00e0 &hellip; <\/p>\n<p class=\"link-more\"><a href=\"https:\/\/laurencerenaud.com\/?page_id=59\" class=\"more-link\">Continuer la lecture<span class=\"screen-reader-text\"> de &laquo;&nbsp;Hypnoth\u00e9rapie&nbsp;&raquo;<\/span><\/a><\/p>\n","protected":false},"author":1,"featured_media":0,"parent":0,"menu_order":0,"comment_status":"closed","ping_status":"closed","template":"","meta":{"footnotes":""},"class_list":["post-59","page","type-page","status-publish","hentry"],"_links":{"self":[{"href":"https:\/\/laurencerenaud.com\/index.php?rest_route=\/wp\/v2\/pages\/59","targetHints":{"allow":["GET"]}}],"collection":[{"href":"https:\/\/laurencerenaud.com\/index.php?rest_route=\/wp\/v2\/pages"}],"about":[{"href":"https:\/\/laurencerenaud.com\/index.php?rest_route=\/wp\/v2\/types\/page"}],"author":[{"embeddable":true,"href":"https:\/\/laurencerenaud.com\/index.php?rest_route=\/wp\/v2\/users\/1"}],"replies":[{"embeddable":true,"href":"https:\/\/laurencerenaud.com\/index.php?rest_route=%2Fwp%2Fv2%2Fcomments&post=59"}],"version-history":[{"count":27,"href":"https:\/\/laurencerenaud.com\/index.php?rest_route=\/wp\/v2\/pages\/59\/revisions"}],"predecessor-version":[{"id":925,"href":"https:\/\/laurencerenaud.com\/index.php?rest_route=\/wp\/v2\/pages\/59\/revisions\/925"}],"wp:attachment":[{"href":"https:\/\/laurencerenaud.com\/index.php?rest_route=%2Fwp%2Fv2%2Fmedia&parent=59"}],"curies":[{"name":"wp","href":"https:\/\/api.w.org\/{rel}","templated":true}]}}